30, 762 = 2*b + b - k*c. Is b prime?
False
Suppose -5*w = -3*s + 1324, 5*s - 7*w = -3*w + 2224. Suppose 3*g - 3*l - l + 248 = 0, 5*g + s = -2*l. Let b = g - -171. Is b prime?
True
Suppose -14 = 5*q - 1109. Is q a prime number?
False
Suppose -4*h - h = 15. Let u(f) = -13*f + 3. Let g(b) = 6*b - 1. Let n(k) = -5*g(k) - 2*u(k). Is n(h) a composite number?
False
Is (0 - 2)/(22/(-341)) composite?
False
Suppose -29*c + 36*c = 917. Is c a prime number?
True
Let t(d) be the third derivative of -d**4/8 - d**3/6 - d**2. Let a be t(8). Let v = -11 - a. Is v a prime number?
False
Let v be 2/(-3) + 1560/45. Suppose 2*n - 124 = v. Is n composite?
False
Let r = 88 + -24. Suppose -r - 46 = -2*k. Is k composite?
True
Let q(o) = 340*o - 3. Is q(2) composite?
False
Let m(n) = -4*n**2 + 2*n**2 + 0*n**2 + 6*n**3 - 62*n**3 - n. Let l be 1 + (-1 - 0) + -1. Is m(l) a prime number?
False
Let y(u) = 29*u - 1. Let x be y(-1). Let j be (-5)/(-1) + -3 - x. Let n = 54 - j. Is n prime?
False
Let w(p) = 4 - 6*p - 4*p + 1. Is w(-6) prime?
False
Suppose -h + 4*h - 12 = 0. Suppose -z = h*b - 46, 3*b = z - b - 38. Suppose -2*r = -0*r - z. Is r prime?
False
Suppose 5*d - 5*r + 1 = 6, 0 = -3*d + 2*r. Is (0 - d) + 14 + -1 a composite number?
True
Let i(o) = -1 + 2 - 7 + 0 + 19*o. Is i(7) prime?
True
Suppose -m + 3*m + 23 = -5*s, 3*m + 15 = -s. Let u be 7/s - (-3)/9. Is (-3 - u)*(-51 - -2) composite?
True
Suppose 4*i - 738 = -t, 4*t + 193 = 3*i - 2*i. Is i a composite number?
True
Let y = 8 - 4. Let z be y*3/(36/201). Let t = z + -30. Is t prime?
True
Suppose y + 12 = 5*y. Suppose -2*q - 1166 = -6*q + 2*i, -3*q = -y*i - 870. Is q a composite number?
False
Suppose 2*g - 21 - 19 = 0. Suppose 375 = 2*o + 5*q + 81, g = -5*q. Is o a composite number?
False
Suppose -5*c = -2*p + 336, -123 = -5*p + c + 763. Is p composite?
True
Suppose 3*i - 14499 = -3*z, 3*i = -i - 8. Is z composite?
True
Let u(a) = 58*a**2 - 2*a + 1. Let z(f) = -19*f**2 + f. Let c(n) = 3*u(n) + 8*z(n). Is c(-4) prime?
True
Suppose 242 = 2*q - 4*n, -4*q + 3*n = 4*n - 511. Is q a composite number?
False
Let x = -1 - -3. Let d(l) = l**3 - l**2 - l. Let c be d(x). Suppose -165 = -c*m - m. Is m a composite number?
True
Suppose -9 + 3 = -2*l. Suppose 2*a + 4 = l*a. Suppose -3 + 11 = a*w, -3*y = -w - 55. Is y a composite number?
False
Let k be (-17)/4 + 2/8. Let s = k - -9. Suppose -3*g + 2*z = -37, z = -s*g + 2*g + 49. Is g a prime number?
False
Let p = 9 - 7. Let q(a) = 2*a**2 - 3*a + 1. Is q(p) a composite number?
False
Suppose v = 0, -3*f - 2*v - v = -261. Suppose 0 = 3*z - 0*z - 3*k + 159, -5*z - 238 = 4*k. Let r = z + f. Is r a prime number?
True
Let c = -16 + 10. Let u(t) = t**2 + 5*t. Is u(c) a composite number?
True
Let a(v) = -356*v**3 + v**2 + 3*v + 1. Is a(-1) composite?
True
Let c(n) be the first derivative of 85*n**3/3 + n**2 - n - 1. Let w be c(-2). Suppose u - 6*u - f + 343 = 0, -5*u - 5*f + w = 0. Is u a prime number?
False
Let a = -6 - -11. Suppose 2*o = 4*r + o - 61, -5*o - a = 0. Is r a prime number?
False
Let k(b) = -b**3 - 4*b - 4 - b**3 + 0*b**3 - 3*b**2. Let m be k(-3). Suppose -s - 2*c + m = 3*c, 3*s - 3*c - 177 = 0. Is s a composite number?
True
Let k(i) = 4*i + 1 + 4*i + 1. Is k(3) a composite number?
True
Suppose 0 = -y - m + 1116, -5*y + 3*m - 2472 = -8036. Is y a composite number?
True
Let y = -10 + 13. Let h be -1 + 2 + (0 - y). Is 2*((-189)/h - -1) composite?
False
Let g = 3 - 11. Let b = g + 13. Suppose 3*l - 6*l + 275 = 2*m, -450 = -b*l + 5*m. Is l composite?
True
Suppose -20 = 2*t - 6*t. Suppose 5*y + 0 + t = 0. Is (y/(-3))/((-1)/(-93)) a prime number?
True
Let q(f) = -f + 2. Let p be q(-8). Is 326/p + 8/20 prime?
False
Let v = 1 - -1. Suppose b - 9 = -v*b. Suppose h = 5*d - 15, 4*h + 5 + 4 = b*d. Is d a prime number?
True
Let k(w) be the first derivative of w**3/3 + w**2/2 - 7*w + 5. Let s be ((-14)/6)/((-3)/(-9)). Is k(s) composite?
True
Let a = -196 + 47. Let i = a + 276. Is i a prime number?
True
Let o(b) = b**3 - 8*b**2 - b + 3. Let t be o(8). Let y(d) = 6*d**2 - 2*d - 3. Is y(t) prime?
True
Let j(a) = a**3 - a. Let s be j(0). Suppose -57 = -c - s*c. Is c prime?
False
Let x = 0 + 67. Is x a prime number?
True
Let c = -14 - -20. Let g = c - 4. Is (-52)/(-8)*g/1 a prime number?
True
Is (66086/38 + 2/(-19))/1 a prime number?
False
Let d = 5 - 2. Suppose -480 = 3*o + 2*v, -d*v + 802 = -5*o - 7*v. Is (0 - 3/6)*o a composite number?
False
Suppose 0 = -d + 4*d - 672. Let a = d + -69. Is a a prime number?
False
Suppose 3*a = -5*f + 273, 0 = 4*a - 4 - 0. Let c = 109 - f. Is c prime?
False
Let s = 22 - 16. Suppose 2*h + s = 5*h. Suppose -7*c + h*c = -70. Is c composite?
True
Suppose 2*q - 2*w = -3*w + 2723, 0 = -3*q - 5*w + 4088. Is q a prime number?
True
Let q(h) = h**3 + 4*h**2 + 4*h + 4. Let c be q(-3). Let p = 2 + c. Suppose -p*d - 197 = -5*i, 4*i = -2*d + 163 - 23. Is i composite?
False
Suppose 0 = 2*p - 134 - 390. Suppose -164 = -2*c + 4*a + p, -386 = -2*c - 4*a. Is c a prime number?
False
Suppose -2*q = -4*g - 12, -3 = -3*q - g + 2*g. Suppose q = 2*d - 4*u - 306, -3*u + 165 = d - 8*u. Is d a prime number?
False
Let r(o) be the second derivative of o**5/5 - o**4/6 + o**3/3 - o**2/2 + o. Let c be r(1). Suppose -c*h = -4*k - 427, -4*h = -0*h - 3*k - 581. Is h prime?
True
Suppose z = 320 - 75. Suppose -2*w = 15 - z. Is w a prime number?
False
Let p be 0/(2 - 0) - -2. Let k be ((-97)/3)/((-1)/3). Suppose -k = -p*g + 1. Is g a prime number?
False
Let t be 1*(2 + -2) - -74. Suppose 4*o - 5 - 15 = 0. Suppose 21 = o*a - t. Is a a composite number?
False
Let w(p) = -3*p + 179. Is w(0) a composite number?
False
Let w(d) = -d**2 - 2*d - 1. Suppose 3 = -i - 0. Let n be w(i). Let q(k) = -k**3 - 3*k**2 + k + 1. Is q(n) prime?
True
Let o(g) = g + 16. Let d(u) = 1. Let k(t) = -4*d(t) + o(t). Is k(9) prime?
False
Suppose -6*k = -4*k, 5*k = 4*n - 3084. Is n a composite number?
True
Suppose 0 = 4*o + 3*r + 19 - 4, -4*o - 5*r = 25. Suppose p - 178 - 159 = o. Is p composite?
False
Suppose 0 = -x + 2*a + 5, x - 4 = -0*x + a. Suppose -4*z - k + 96 = -51, -3*k = -x*z + 114. Is z prime?
True
Let r = 4 + -3. Is (0 - -2 - r)*33 a prime number?
False
Let b = 12 + -8. Suppose 15 = 7*j - 2*j, -b*s + 720 = -4*j. Is s prime?
False
Let d(u) = -u**2 - 6*u - 4. Let i be d(-4). Suppose -79 = -i*l + 665. Let p = -115 + l. Is p prime?
True
Suppose -3*k + 5*k - 5*c - 99 = 0, 0 = -4*k - 3*c + 185. Is k a prime number?
True
Let a(h) = -h - 15. Let q be a(-10). Is (-174)/q*30/12 a prime number?
False
Suppose 0 = -4*t, d = 2*t + 1705 + 928. Is d composite?
False
Let q = -15 - -17. Suppose -q*n = 3*n - 50. Is n prime?
False
Let m = -32 + 10. Let r = m - -67. Suppose -5*w = -0*w - r. Is w prime?
False
Let x = 159 + -108. Is x prime?
False
Let l = -271 + 398. Is l composite?
False
Let r = 53 - 31. Let f be 20/11 + 4/r. Suppose 15 = 3*n - f*n. Is n a composite number?
True
Let r = 1617 + -1150. Is r a composite number?
False
Suppose -g + 469 = -352. Is g prime?
True
Suppose 3*t = 90 + 87. Let q = t + 12. Is q prime?
True
Let f = 49 - 28. Suppose f + 68 = a. Is a a prime number?
True
Let q(w) = -227*w - 91. Is q(-12) a prime number?
True
Let d = 1 - -6. Suppose 3*u - d*u + 301 = 5*t, 0 = 3*u + t - 234. Is u a composite number?
False
Let d = 12 + -9. Suppose -2*f + d = 7. Is (-879)/f*10/15 composite?
False
Suppose 2*h = 3*n - 9027, 3*n = h - 4*h + 9042. Is n composite?
False
Let w = 16 - 1. Is w a composite number?
True
Suppose -131 - 77 = -4*j. Suppose -j = -3*q - q. Is q composite?
False
Let r = 598 - 161. Is r prime?
False
Suppose -5*z - 4*v = -1062, 3*z - 218 = 3*v + 430. Is z a prime number?
False
Let o(a) = a - 1. Let t(g) = -5*g + 5. Let x(y) = -12*o(y) - 3*t(y). Let n be x(4). Let l = 66 - n. Is l a composite number?
True
Let c(m) be the third derivative of 0*m - m**2 + 0*m**3 + 0 + 1/8*m**4. Is c(2) a composite number?
True
Let q = -2478 + 3763. Suppose -q = -6*t + t. Suppose -2*d + t = -d. Is d a composite number?
False
Let x(p) be the second derivative of -p**3/6 + 2*p**2 - p. Let q be x(-9). Let m = q - -6. Is m a prime number?
True
Suppose -3*n - 16 = 4*v, -4*n - v = -3*v - 8. Is 15 - (n + -1 + 2) composite?
True
Let j = -56 + 78. Let g = 45 - j. Is g a composite number?
False
Suppose 0 = 5*a - 3*p + 2172, a + p + 860 = -a